, 2*m - 54 = -x - 3*x. List the prime factors of m.
19
Let w = -252 - -257. Let z = 10 - 5. Suppose -w*x + 10 = 0, -z*x + 793 = 5*y - x. What are the prime factors of y?
157
Let c = -43414 + 63742. What are the prime factors of c?
2, 3, 7, 11
Let d(f) = -71*f + 7. Let j be d(-7). Suppose -n = 5*h - 1606 - j, -3*n - 438 = -h. List the prime factors of h.
3, 47
Let g = -460 + 422. List the prime factors of (g + 1)*(12 + -11)*-19.
19, 37
Suppose -69610 - 9635 = -45*h. What are the prime factors of h?
3, 587
Suppose 6*t + 90 = 16*t. Let z(f) = 4*f**3 - 11*f**2 - 9*f + 9. Let i be z(t). Suppose -19*j + i = -10*j. What are the prime factors of j?
7, 31
Suppose -5*c - 68 = -3*c. Let d = c - -16. What are the prime factors of ((-16)/(-12))/((-3)/d)?
2
Suppose -9772 = -w - 2*m, 3*m = 3*w - 1103 - 28177. List the prime factors of w.
2, 2441
Suppose -64 + 643 = -s - 4*j, -2940 = 5*s + 5*j. Let y = s - -1008. What are the prime factors of y?
3, 139
Suppose 2*r + 3 = -0*r - 3*b, -2*r - b = -3. List the prime factors of (-14 - 1124)*(r/(-6) + 0).
569
Let s(b) = -7*b**3 - 4*b**2 - 24*b - 6. Let n(h) = -13*h**3 - 10*h**2 - 48*h - 13. Let l(w) = 4*n(w) - 7*s(w). List the prime factors of l(-8).
2, 5, 19
Let k(i) = 3666*i + 52. List the prime factors of k(2).
2, 13, 71
Let x = 337 + -32. Let f = 462 - x. Let k = f - 74. What are the prime factors of k?
83
Let m be -6*(-24)/16 - 5. Suppose -m*j + 4094 = -1282. What are the prime factors of j?
2, 3, 7
Let c(b) = -b**3 - 47*b**2 + 49*b - 365. List the prime factors of c(-50).
5, 937
Suppose 0 = -49*h - 63*h + 101*h + 32362. What are the prime factors of h?
2, 1471
Let w(b) = b**2 - 361. Let l be w(0). Let a = l - -464. List the prime factors of a.
103
Let u(r) be the second derivative of 2*r**4/3 + r**3/3 + 119*r**2/2 + 11*r - 8. List the prime factors of u(0).
7, 17
Suppose 691*z - 695*z + 78430 = 8994. What are the prime factors of z?
17359
Let s(i) = 122*i**2 + 199*i - 1769. List the prime factors of s(9).
2, 619
Suppose -47 = 18*h - 19*h. Suppose -g + 3*b + b - 2 = 0, g + 3*b - 5 = 0. Suppose 0 = 3*n - g*n - h. List the prime factors of n.
47
Suppose 27 = 4*i - 5*h, -6*i + 3*i - 5*h - 6 = 0. Let x be i*(-10)/6*-7. Suppose -y = -8*y + x. List the prime factors of y.
5
Let g = 19 + -16. Suppose -2 = -0*v - g*v + 2*h, -5*v + 2*h = -6. Suppose 0*w - 4*w - 5*z = -238, v*z = -5*w + 289. What are the prime factors of w?
3, 19
Let c(d) = -d**3 - 36*d**2 + 105*d + 10. List the prime factors of c(-42).
2, 773
Let d(g) = -7*g - 1. Let r be d(4). Let b = r + 57. What are the prime factors of 27 + 2 + b/7?
3, 11
Let k = -93 + 12708. What are the prime factors of k?
3, 5, 29
Let w = 7332 + -3981. List the prime factors of w.
3, 1117
Suppose 0 = 6*t - 9*t + 6, -3*t = 2*k - 16. Suppose -389 = -k*b + 1071. What are the prime factors of b?
2, 73
What are the prime factors of (4 + 688/(-6))/((25/78)/(-25))?
2, 13, 83
Let z(m) = m**3 + 4*m**2 - 7*m - 10. Let a be z(-5). Let h be 2/4*(a - -216). Suppose 4*s + 2*r - 4*r = 344, s + 5*r - h = 0. List the prime factors of s.
2, 11
What are the prime factors of 21*(-32)/48*(-2443)/2?
7, 349
Let m(j) = -285*j + 848. List the prime factors of m(-10).
2, 43
Suppose -18 - 18 = -2*q + 3*v, 2*v + 4 = 0. Suppose -3*h + 1042 + 422 = 2*a, q = 5*a. What are the prime factors of h?
2, 3
Suppose 4*a = -0*m + 5*m - 4, 2*a = -2. Suppose m*h + 5*h = 20. Suppose 94 = h*f - 3*f. List the prime factors of f.
2, 47
What are the prime factors of 388 + -12*(-20)/16 + -9?
2, 197
Let x be 49 + -30 - (1 + 2). Let y(g) = g**2 - 17*g + 20. Let i be y(x). Suppose i*j - 4*z - 16 = 0, 10 = -5*z + 35. What are the prime factors of j?
3
Suppose -22874 = -4*r + w + 4188, 47375 = 7*r + w. What are the prime factors of r?
67, 101
Let k = -15 + -339. Let n = 672 - k. What are the prime factors of n?
2, 3, 19
Let x(w) = 327*w - 1. Let g be 2*(-13)/(-22) + 40/(-220). What are the prime factors of x(g)?
2, 163
Let h(s) = 26*s**3 + 5*s + 5. Let i be h(3). Let f = -266 + i. What are the prime factors of f?
2, 3, 19
Let t be ((-9)/(-2))/(6*5/8120). Suppose -6*y = -390 - t. List the prime factors of y.
2, 67
Let o(k) = 9*k**2 - 18*k - 395. Let u(n) = -14*n**2 + 28*n + 592. Let r(v) = -11*o(v) - 7*u(v). Let q = -1 - -1. List the prime factors of r(q).
3, 67
Suppose 203*h + 170*h + 2438891 = 7044695. List the prime factors of h.
2, 3, 7
Let u = 2611 + -6353. List the prime factors of u/(-14) - (216/(-28) + 8).
3, 89
Let d(s) be the first derivative of -s**3/3 - 13*s**2/2 + 6*s - 54. Let m be 12/(-8)*(-32)/(-6). List the prime factors of d(m).
2, 23
Suppose -339 = -2*o - 297. What are the prime factors of (-341)/(-3) - 14/o?
113
List the prime factors of -5 + 23 + -31 - -11929.
2, 3, 331
Let q(a) = -a**2 + 39*a + 131. Let m(f) = -2*f**2 + 58*f + 196. Let o(s) = -5*m(s) + 8*q(s). List the prime factors of o(-14).
2, 19
Let n(t) = t + 2*t**2 - 1128 + 3*t**3 + 1156 - 4*t**3. What are the prime factors of n(0)?
2, 7
Let w be 4/4 - 2 - 39/1. What are the prime factors of w*((-46)/4 + 6)?
2, 5, 11
Suppose 0 = -4*c + 4 + 4, -c = 5*z - 12. Suppose -2*d + 111 = -z*m - 127, 2*m + 5*d + 203 = 0. What are the prime factors of -3 - (-14)/6 - m/9?
2, 3
Suppose 0 = 4*j + 20, 2*t - 3*j - 13611 = -8*j. What are the prime factors of t?
2, 7, 487
Let q(j) be the first derivative of -j**3/3 + 3*j**2 - 3*j - 4. List the prime factors of q(3).
2, 3
Suppose 4*m = m - 1431. Let j = 547 - 871. Let u = j - m. What are the prime factors of u?
3, 17
Let c = 1250 + 6166. List the prime factors of c.
2, 3, 103
Let g = 41595 + -21892. List the prime factors of g.
17, 19, 61
Let f(v) = -v**3 - 14*v**2 - 16*v - 17. Let o be f(-13). Let s(x) = -x**2 + 23*x - 19. Let c be s(o). Suppose -c*d = -288 - 90. List the prime factors of d.
2, 3, 7
Let x = 30 + -20. Suppose -22*b + 5004 = -x*b. What are the prime factors of b?
3, 139
Let j = 8544 + 53. List the prime factors of j.
8597
Let r(u) = 9*u**3 + 6*u**2 + u. Let c be r(9). Suppose -c = 29*f - 39420. List the prime factors of f.
2, 3, 31
Let v(c) = c**3 - 10*c**2 - 13*c - 29. Suppose 17*h - 20*h = 336. Let a = 124 + h. What are the prime factors of v(a)?
103
Let g = -18614 - -51300. What are the prime factors of g?
2, 59, 277
Let u(h) = h**3 + 61*h**2 - 6*h + 962. List the prime factors of u(-55).
2, 9721
Let b(j) = -9*j**2 - 62*j + 74. Let k(g) = 5*g**2 + 31*g - 38. Let u(f) = 6*b(f) + 11*k(f). What are the prime factors of u(37)?
2, 31
What are the prime factors of 2/11 + (-75007)/(-11)?
3, 2273
Let b(g) = 6*g**3 + 39*g**2 - g + 37. What are the prime factors of b(9)?
7561
Suppose 27*v - 100592 - 258346 = 0. What are the prime factors of v?
2, 17, 23
Suppose -2*n + 5*i + 3049 = 0, -3*i - 7632 = -4*n - n. Suppose 10*z - 1443 - n = 0. List the prime factors of z.
3, 11
Let n = 1079 + 2168. What are the prime factors of n?
17, 191
Suppose -129912 = -4*c + 14670 + 4822. List the prime factors of c.
41, 911
Let s(h) = -64*h - 32. Let d be s(-5). Suppose 2*c - d = 66. List the prime factors of c.
3, 59
List the prime factors of (5694/730)/(2/4730).
3, 11, 13, 43
Suppose 0 = -4*p - 3*j + 245, -3*j = 14 + 1. Let q = p - 65. Suppose 3*y - y - 98 = q. What are the prime factors of y?
7
Let i be (-1)/7 - (-850)/119. Let x(g) = -23*g**3 - 20 + 65*g**3 - 2*g**2 - 23*g**3 + i*g - 20*g**3. What are the prime factors of x(-7)?
2, 11
Let q(d) = -d**2 - 19*d - 21. Let a be q(-18). Let g be (-4)/(-6) - ((-77)/(-21) + a). Suppose g = -3*u + 355 + 359. What are the prime factors of u?
2, 7, 17
Let s = 699 + -694. Suppose 1385 = s*z - 4*t, 9*z - 8*z + 2*t = 263. List the prime factors of z.
3, 7, 13
Suppose 4*g = -16, f + 2*g - 59 = 145. Suppose -3*o - 4*t - 207 - 226 = 0, -2*t = -4*o - 548. Let i = o + f. List the prime factors of i.
73
Let x be (-1)/(1*(-6)/3882). Suppose 6*n - 3035 = -x. List the prime factors of n.
2, 199
Suppose -2*o - 2 = -4. Let m(i) = -i**3 - 6*i**2 - 5*i - 2. Let j(k) = -k**3 + k**2 - k + 1. Let t(n) = o*m(n) - 3*j(n). List the prime factors of t(7).
2, 113
Suppose 3*y - 46 - 701 = 0. Let x = -47 + -68. Let r = x + y. List the prime factors of r.
2, 67
Let s = -118 + 122. Suppose -2*t + 0*t = -s*b + 58, -3*t + 11 = b. List the prime factors of (5 + -1)*(-1 + b).
2, 13
Let x(p) = 2*p + 12. Suppose -52 + 2